 is q(k)?
-10
Let m(y) = 20307*y + 88 - 6*y**2 - 40631*y + y**3 + 20286*y. Calculate m(9).
-11
Suppose -2 = -11*l - 2. Suppose -5*i - r = -8 - 28, 2*i - 3*r - 11 = l. Let c(b) = 37 - 7*b - 32 + 0*b**3 - 6*b**2 + b**3. What is c(i)?
5
Let v be ((-3)/(-1))/(-1) - -13. Let p = v + -6. Let o(d) be the third derivative of -d**4/12 + d**3/2 + 8*d**2 + 165*d. Give o(p).
-5
Let b(g) = -g + 5. Let h = -353 - -370. Suppose -4*w - 25 = 3*o, 0 = 20*o - 23*o - 2*w - h. Calculate b(o).
8
Let t(w) = 51*w**2 + 28*w - 15. Let l(c) = 42*c**2 + 28*c - 13. Let d(v) = -6*l(v) + 5*t(v). What is d(9)?
-6
Let m(j) = -59*j + 13*j + 3 + 45*j. Let q be (-3 - 0)/(4 + -3). Calculate m(q).
6
Let f(d) = -d + 4. Suppose -12*s = -122 + 50. Let z be -24*((-27)/s + 4). Suppose z = g - u, -u + 2 = 5. What is f(g)?
-5
Let b(h) = 3*h**2 + 40*h + 52. Let n(u) = -4*u**2 - 52*u - 52. Let l(i) = 3*b(i) + 2*n(i). Give l(-14).
24
Let n(u) = 0 + 7 - 1 - 3*u + u + 8. Suppose 0 = 5*y - y + 4. Let s(w) = 1. Let j(i) = y*n(i) + 12*s(i). Determine j(-4).
-10
Let h(s) be the third derivative of s**6/120 - s**4/24 - s**3/6 + 33*s**2. Let t = -49 - -56. Let i be ((-36)/20)/3 - t/5. What is h(i)?
-7
Let b = 2 - 3. Let w(n) be the first derivative of n**2 + n + 2/3*n**3 + 7/4*n**4 + 34. What is w(b)?
-6
Let f(r) = 3*r + 5. Let i = 165 - 160. Suppose 4*l - 12 = 0, 8*b - 18 = i*b - l. Give f(b).
20
Suppose 245*k - 236*k = 72. Let l(n) = 2*n**3 - 17*n**2 + 6*n + 21. Give l(k).
5
Let y(i) = -i**3 + 8*i**2 + 7*i - 8. Let f(j) = j**3 + 20*j**2 - 4*j - 71. Let q = -234 + 214. Let b be f(q). What is y(b)?
-26
Suppose -4 = -1098*t + 1101*t + 17. Let h(c) = c**2 + 9*c - 1. Give h(t).
-15
Let j(w) = 5*w**3 - 7*w**2 + 4*w + 4. Let u be 1 - (10 + -3)*(1 - 0). Let t(p) = -p**3 - p + 1. Let y(c) = u*t(c) - j(c). Give y(-7).
-24
Let m(a) = -6*a**2 - 6. Let i(p) = 11*p**2 + 13*p - 2. Let l(n) = 10*n**2 + 11*n - 1. Let f(z) = -5*i(z) + 6*l(z). Let u(j) = 7*f(j) + 6*m(j). Calculate u(6).
-2
Let t(f) = 2*f**2 - 3*f - 1. Suppose 4*o + 4*c + 50 = 46, 0 = -5*o + 4*c + 40. Suppose 25 = o*r - b + 2*b, -5*r = -b - 20. What is t(r)?
34
Let d(v) = 17*v**2 - 21*v - 45. Let i(p) = 14*p**2 - 20*p - 46. Let g(z) = 5*d(z) - 6*i(z). Calculate g(-10).
1
Let t(o) = -7*o**3 + 9*o**2 - 15*o - 19. Let z(p) = 3*p**3 - 5*p**2 + 7*p + 9. Let d(r) = -2*t(r) - 5*z(r). Let f be 14/(-2)*18/(-21). Give d(f).
-1
Let y = -38881 + 38885. Let b(j) = -j**3 + 8*j**2 - 4*j + 7. Determine b(y).
55
Let i(n) = 5*n + 11. Let r(l) = l + 3. Let k(s) = 3*s - 49. Let v be k(17). Let u(q) = v*i(q) - 9*r(q). Let o be ((-2)/5)/(3/30). Determine u(o).
-9
Let j(w) be the third derivative of w**5/60 - w**3/6 + w**2 - 1. Let o = -26 - -29. Calculate j(o).
8
Let k(y) = 9*y + 72. Suppose 5*j + 27 = -3*s, 155*j + 5*s - 21 = 154*j. Calculate k(j).
-9
Let n(t) = t**2 + 18122*t**3 - 36261*t**3 + 18138*t**3 + 6. Let w be (0/3)/(-1 + 0). What is n(w)?
6
Let v(y) = 0*y**2 + 7*y**3 - 4 + 3 - 22*y**3 - 2*y**2 + y + 3*y**2. Determine v(1).
-14
Let v(w) be the first derivative of -3*w**4/4 - 2*w**3/3 - w**2 - w + 1. Let h be (((-240)/(-12))/(-10))/(2/(-23)). Suppose 2*n + 21*n = -h. Give v(n).
2
Let c(s) = -s**3 - 6*s**2 - 2*s - 7. Suppose 0 = -3*h + 13 - 10. Let f = -1 + h. Suppose f = -7*w + 8*w + 6. Give c(w).
5
Suppose 486*x - 445*x - 451 = 0. Let c(a) = 7*a - 4. What is c(x)?
73
Let r(u) be the third derivative of u**6/144 - u**5/24 - u**4/12 + 17*u**3/3 + 49*u**2. Let v(y) be the second derivative of r(y). Give v(2).
5
Let j be (65/(-25) - -3)*5 + 0. Let g(t) = -3*t - j*t - 10*t**3 + 3*t**2 + 2*t + 9*t**3 + 3. Determine g(2).
1
Let a(t) be the first derivative of t**6/360 - t**5/60 - t**4/12 - t**3 + 66. Let x(q) be the third derivative of a(q). Give x(5).
13
Let n(t) = 76696*t**3 + 9*t**2 + 1 - 76695*t**3 - 7*t**2. What is n(0)?
1
Let d(k) be the first derivative of k**4/4 - 7*k**3/3 - 11*k**2/2 + 24*k - 2349. Determine d(8).
0
Let a(k) = -k**3 + 9*k**2 + 22*k - 1. Let d be a(11). Let r(b) be the third derivative of 13*b**5/20 - b**4/24 - 126*b**2. Give r(d).
40
Let a(g) = -7 + 202*g + 204*g - 103 - g**2 - 430*g. Determine a(-18).
-2
Let g be 2 - (-5)/10*2*11. Let l be ((-630)/39 - -12) + 2/g. Let f(u) = u**2 + 5*u + 10. Give f(l).
6
Let h(k) = k**2 + 7*k + 3. Let l = 0 + 3. Suppose -2*y = -0*x + 2*x + 16, -y + l*x = 4. Calculate h(y).
3
Let h(l) be the second derivative of l**5/20 - l**4/2 + 11*l**3/6 + 8*l**2 + 8654*l. Calculate h(5).
46
Let l(y) = 2*y + 3. Suppose 5*d = -4*k - 3, -4*d + 4*k - 2*k + 8 = 0. Let h(n) = n**2 - 1. Let q(g) = d*h(g) + l(g). Determine q(0).
2
Let a(x) be the third derivative of -x**5/30 + 13*x**4/24 - 2*x**3 + 24*x**2 - 1. Let d be a(6). Let w(r) = -r - 9. Give w(d).
-3
Let a = 2515 - 2522. Let u(d) = -3*d**2 - 16*d + 9. Determine u(a).
-26
Let u(x) = 3*x + 1 - 2*x - 7 + 2. Let n(q) = 3 + 3 + q - 8*q**2 - q**3 - 1. Let p be n(-8). What is u(p)?
-7
Let y be 1 + 0 - (6 - -1). Let k = 2329 + -2279. Let o(h) = -3*h**3 + 46*h - 7*h**2 + 2*h**3 - k*h. Calculate o(y).
-12
Suppose -f = -m + 2, 5*m = -5*f + 8 + 12. Suppose 6 - 15 = m*x. Let u(k) be the third derivative of k**4/12 + k**3/2 + 95*k**2. What is u(x)?
-3
Let r(i) = -15*i. Let o be r(1). Let u = o - -20. Let n(x) = -x**2 + 6*x - 1. Calculate n(u).
4
Suppose 4*z + 0*z + 24 = 0. Let c be 48032/133 + 48/56. Let t(j) = -2 + 241*j - c*j + 126*j + j**3 + 7*j**2. Calculate t(z).
4
Let y = 6 + -3. Let k(g) be the second derivative of g**3/2 + g**2 + 500*g. Determine k(y).
11
Suppose 14359*c = 14358*c - 5. Let x(p) = -p + 4. Give x(c).
9
Let z(n) = 3*n**2 - n. Suppose -5*w - 8 = 3*t, 4*t - 5 = w + 8*t. Determine z(w).
4
Let j(u) = u - 10*u + u**3 - 29 + 894*u**2 - 9*u - 888*u**2. Give j(-7).
48
Let l(a) = -a**2 + a + 58. Let u be l(8). Let k(z) = 4*z**u - 3*z**2 + 593*z - 585*z + 6. Give k(-7).
-1
Let p(h) = -9*h**2 + 85*h - 17. Let o(x) = -11*x**2 + 99*x - 16. Let c(v) = -5*o(v) + 6*p(v). What is c(-16)?
-6
Suppose -36 = -9*q - 3*q. Suppose -34 = 4*r + f, q*f + 21 + 25 = -5*r. Let u(d) = -d**2 - 6*d + 10. Determine u(r).
-6
Let v be (-15)/35 + (-454)/(-14). Let w = v + -26. Let l(y) = 2*y - 2 + 3 - 2. Give l(w).
11
Let r be 6/9 - (-10)/(-6). Let t(n) = n**3 - 7*n**2 - 13*n + 1. Let k(j) = -j**2 - 3*j + 1. Let i(m) = r*t(m) + 2*k(m). Determine i(6).
7
Let p(x) be the third derivative of x**6/120 - 7*x**5/60 + 17*x**4/12 - 241*x**3/6 + 2*x**2 - 2787*x. Calculate p(7).
-3
Let a = -734 - -921. Let v(m) = -91*m**3 + a + 104*m**3 - 187. Let y = 1 + 0. Determine v(y).
13
Let d(y) = -23*y - 10. Let h be d(2). Let l = 58 + h. Let x(a) = -25*a**2 - 2*a + 46*a**2 + 3*a**3 - 24*a**2 - 2*a**3. Give x(l).
-8
Let p(o) = -70 + 71 + 2*o**2 + 3*o**2. Suppose 2*s = -4 + 2, -2*c - 9 = 3*s. Let i(u) = 13*u + 38. Let d be i(c). Calculate p(d).
6
Let w(z) = 2*z**2 + 2. Let f(l) = -7*l**2 - 3*l - 8. Let q(d) = -3*f(d) - 11*w(d). Calculate q(10).
-8
Let j(d) = d**3 + 6*d**2 - 5*d + 1. Suppose 3*r - 12*k - 17 = -16*k, 3*r - 5*k + 55 = 0. Calculate j(r).
51
Let k = -4 - -16. Suppose -n - 3*m + 8*m = -21, k = -3*m. Let y = n - 0. Let u(z) = 7*z**2 + z - 1. What is u(y)?
7
Let x = 25 - 0. Let f(y) = -9*y**2 - x*y**3 + 26*y**3 - 10 + 2*y + 2*y**2. Suppose -h = -4*v + 3 - 14, 0 = -3*v - 3. Give f(h).
4
Suppose 0 = h + 37. Let m = -34 - h. Let c(b) = -28 + 16 + 8*b + m*b + 9. Calculate c(2).
19
Suppose 0 = 33*f - 189 - 537. Let y(t) = -t**3 + 23*t**2 - 24*t + 39. What is y(f)?
-5
Let v = 1 - -13. Let g(p) = -9*p - 7. Let r(n) = -20*n - 18. Let w(q) = 9*g(q) - 4*r(q). Give w(v).
-5
Let q(c) = 19*c. Suppose 6*x + x = -1540. Let j = x - -219. What is q(j)?
-19
Let u(h) = 19*h**2 - 9*h. Let f(i) = 77*i**2 - 25*i + 16. Let r(w) = -f(w) + 4*u(w). Calculate r(-9).
2
Let j(y) be the second derivative of -y**3/6 - y**2/2 + y - 30. Let v(h) = -h**2 + 3*h + 1. Let l be v(4). Let i be -3 - l/12*-4. Calculate j(i).
3
Let i(b) = 324155 + b - 648298 + 324135. Let q(j) = -j**3 + 5*j**2 + 6*j + 6. Let t be q(6). What is i(t)?
-2
Suppose -2*c - 2*c - 4 = 0, -2*t - 26 = 2*c. Let d = 19 + t. Let b(h) = -11*h**2 - h**3 + d*h**2 + 0 + 6*h**2 - 3. What is b(3)?
-12
Let i(v) = 733 + 8*v - 7*v - 725 + v**3 - 7*v**2 + 0*v**3 + 6*v. Determine i(5).
-7
Let v = 65 + -83. Let p be (-1 - v/4 - 3)*0. Let d(l) = 1 + 2 - 3*l + 4*l**2 + l**3 + p*l + 1. Calcu